{"id":6,"date":"2017-08-30T15:15:25","date_gmt":"2017-08-30T13:15:25","guid":{"rendered":"http:\/\/tkd-club-arras.fr\/?page_id=6"},"modified":"2023-09-12T15:23:19","modified_gmt":"2023-09-12T13:23:19","slug":"a-propos-du-taekwondo-club-arras","status":"publish","type":"page","link":"https:\/\/tkd-club-arras.fr\/index.php\/a-propos-du-taekwondo-club-arras\/","title":{"rendered":"A propos de l&rsquo;ATC"},"content":{"rendered":"<p><em>Association Loi de 1901<\/em>, affili\u00e9e \u00e0 la F\u00e9d\u00e9ration Fran\u00e7aise de Taekwondo et Disciplines Associ\u00e9es (FFTDA)<br \/>\nAffiliation Tickets Loisirs &#8211; Ch\u00e8ques Vacances &#8211; Coupons Sport &#8211; Pass&rsquo;Sport<\/p>\n<p>Pr\u00e9sident: M. KISCHEL Philippe,\u00a0Secr\u00e9taire: Mme WATIN-CARNEL Cendrine,\u00a0Tr\u00e9sori\u00e8re: Mme\u00a0 RICHEB\u00c9 Karoline<\/p>\n","protected":false},"excerpt":{"rendered":"<p>Association Loi de 1901, affili\u00e9e \u00e0 la F\u00e9d\u00e9ration Fran\u00e7aise de Taekwondo et Disciplines Associ\u00e9es (FFTDA) Affiliation Tickets Loisirs &#8211; Ch\u00e8ques Vacances &#8211; Coupons Sport &#8211; Pass&rsquo;Sport Pr\u00e9sident: M. KISCHEL Philippe,\u00a0Secr\u00e9taire: Mme WATIN-CARNEL Cendrine,\u00a0Tr\u00e9sori\u00e8re: Mme\u00a0 RICHEB\u00c9 Karoline<span class=\"more-link\"><a href=\"https:\/\/tkd-club-arras.fr\/index.php\/a-propos-du-taekwondo-club-arras\/\">Lire la suite&#8230;<\/a><\/span><\/p>\n","protected":false},"author":1,"featured_media":0,"parent":0,"menu_order":0,"comment_status":"closed","ping_status":"closed","template":"","meta":{"footnotes":""},"class_list":["entry","author-admin8983","post-6","page","type-page","status-publish"],"_links":{"self":[{"href":"https:\/\/tkd-club-arras.fr\/index.php\/wp-json\/wp\/v2\/pages\/6","targetHints":{"allow":["GET"]}}],"collection":[{"href":"https:\/\/tkd-club-arras.fr\/index.php\/wp-json\/wp\/v2\/pages"}],"about":[{"href":"https:\/\/tkd-club-arras.fr\/index.php\/wp-json\/wp\/v2\/types\/page"}],"author":[{"embeddable":true,"href":"https:\/\/tkd-club-arras.fr\/index.php\/wp-json\/wp\/v2\/users\/1"}],"replies":[{"embeddable":true,"href":"https:\/\/tkd-club-arras.fr\/index.php\/wp-json\/wp\/v2\/comments?post=6"}],"version-history":[{"count":11,"href":"https:\/\/tkd-club-arras.fr\/index.php\/wp-json\/wp\/v2\/pages\/6\/revisions"}],"predecessor-version":[{"id":1245,"href":"https:\/\/tkd-club-arras.fr\/index.php\/wp-json\/wp\/v2\/pages\/6\/revisions\/1245"}],"wp:attachment":[{"href":"https:\/\/tkd-club-arras.fr\/index.php\/wp-json\/wp\/v2\/media?parent=6"}],"curies":[{"name":"wp","href":"https:\/\/api.w.org\/{rel}","templated":true}]}}