{"id":4,"date":"2017-08-30T15:14:35","date_gmt":"2017-08-30T13:14:35","guid":{"rendered":"http:\/\/tkd-club-arras.fr\/?page_id=4"},"modified":"2020-08-20T15:06:19","modified_gmt":"2020-08-20T13:06:19","slug":"a-propos-du-taekwondo","status":"publish","type":"page","link":"https:\/\/tkd-club-arras.fr\/index.php\/a-propos-du-taekwondo\/","title":{"rendered":"A propos du Taekwondo"},"content":{"rendered":"<h2>Le TaeKwonDo&#8230;\u200b Un Art Martial devenu Olympique<\/h2>\n<ul>\n<li>Originaire de Cor\u00e9e, le Taekwondo \u2013 litt\u00e9ralement \u00ab la Voie des pieds et des poings \u00bb &#8211; est un art martial permettant d\u2019acqu\u00e9rir une force d\u2019\u00e9panouissement et de cultiver un esprit d\u2019ouverture.<\/li>\n<li>Pratiquer le Taekwondo, c\u2019est rechercher en permanence un \u00e9quilibre personnel pour vivre en harmonie avec son environnement.<\/li>\n<li>C\u2019est aussi un sport moderne, devenu discipline olympique en 2000 aux jeux de Sydney.<\/li>\n<\/ul>\n<h2>Un code d&rsquo;honneur fond\u00e9 sur des valeurs historiques<\/h2>\n<p>L\u2019histoire du Taekwondo est intimement li\u00e9e \u00e0 celle de la Cor\u00e9e, o\u00f9 il a \u00e9t\u00e9 codifi\u00e9 dans les ann\u00e9es cinquante. Le Taekwondo est introduit en France en 1969 par Ma\u00eetre par Lee Kwan Young. Depuis 1994, le Taekwondo fran\u00e7ais poss\u00e8de sa propre f\u00e9d\u00e9ration d\u00e9l\u00e9gataire et autonome : la F\u00e9d\u00e9ration Fran\u00e7aise de Taekwondo et Disciplines Associ\u00e9es (F.F.T.D.A).<\/p>\n<p>Le Taekwondo \u00e9volue sur des bases solides m\u00ealant tradition et modernit\u00e9. Ces valeurs reconnues par les pratiquants et les partenaires de la f\u00e9d\u00e9ration font la force de notre sport. Elles sont un concentr\u00e9 de celles que l&rsquo;on retrouve dans notre soci\u00e9t\u00e9 : la recherche du plaisir, le d\u00e9passement de soi, la pers\u00e9v\u00e9rance, la force morale et physique,\u00a0le respect d\u2019autrui\u2026<\/p>\n<p>Le pratiquant de Taekwondo est le \u00ab\u00a0taekwondo\u00efste\u00a0\u00bb. Il est possible de pratiquer le taekwondo quel que soit son \u00e2ge. Le Tae Kwon Do compte environ 55000 licenci\u00e9s en France, et plus de 70 millions dans le monde.<\/p>\n","protected":false},"excerpt":{"rendered":"<p>Le TaeKwonDo&#8230;\u200b Un Art Martial devenu Olympique Originaire de Cor\u00e9e, le Taekwondo \u2013 litt\u00e9ralement \u00ab la Voie des pieds et des poings \u00bb &#8211; est un art martial permettant d\u2019acqu\u00e9rir une force d\u2019\u00e9panouissement et de cultiver un esprit d\u2019ouverture. Pratiquer le Taekwondo, c\u2019est rechercher en permanence un \u00e9quilibre personnel pour<span class=\"more-link\"><a href=\"https:\/\/tkd-club-arras.fr\/index.php\/a-propos-du-taekwondo\/\">Lire la suite&#8230;<\/a><\/span><\/p>\n","protected":false},"author":1,"featured_media":0,"parent":0,"menu_order":0,"comment_status":"closed","ping_status":"closed","template":"","meta":{"footnotes":""},"class_list":["entry","author-admin8983","post-4","page","type-page","status-publish"],"_links":{"self":[{"href":"https:\/\/tkd-club-arras.fr\/index.php\/wp-json\/wp\/v2\/pages\/4","targetHints":{"allow":["GET"]}}],"collection":[{"href":"https:\/\/tkd-club-arras.fr\/index.php\/wp-json\/wp\/v2\/pages"}],"about":[{"href":"https:\/\/tkd-club-arras.fr\/index.php\/wp-json\/wp\/v2\/types\/page"}],"author":[{"embeddable":true,"href":"https:\/\/tkd-club-arras.fr\/index.php\/wp-json\/wp\/v2\/users\/1"}],"replies":[{"embeddable":true,"href":"https:\/\/tkd-club-arras.fr\/index.php\/wp-json\/wp\/v2\/comments?post=4"}],"version-history":[{"count":4,"href":"https:\/\/tkd-club-arras.fr\/index.php\/wp-json\/wp\/v2\/pages\/4\/revisions"}],"predecessor-version":[{"id":753,"href":"https:\/\/tkd-club-arras.fr\/index.php\/wp-json\/wp\/v2\/pages\/4\/revisions\/753"}],"wp:attachment":[{"href":"https:\/\/tkd-club-arras.fr\/index.php\/wp-json\/wp\/v2\/media?parent=4"}],"curies":[{"name":"wp","href":"https:\/\/api.w.org\/{rel}","templated":true}]}}